)/(3/(-180))?
10
Calculate the remainder when (28/6 - -5)/((-26)/(-468)) is divided by 52.
18
Let a = -25421 - -25434. What is the remainder when 3138 is divided by a?
5
Let y(z) = 16*z**2 - 4*z - 5. Let j be -6 - 2*(-1 - 18/12). What is the remainder when 596 is divided by y(j)?
11
Let w(o) = -196*o - 4099. What is the remainder when 1830 is divided by w(-21)?
11
Suppose 0 = -1706*x + 1713*x - 427. Suppose 5*i - 1662 = 2*i. Calculate the remainder when x is divided by 4/18 + i/18.
30
Suppose 25*t - 686 = -161. Calculate the remainder when 64 is divided by t.
1
Let v be (-4)/(-12) + (-516)/9. Let q be 19*((-21)/1)/3. Let z = v - q. Calculate the remainder when z is divided by 16.
12
Suppose 33*m - 8976 = -0*m. What is the remainder when m is divided by (-2)/(-13) + (-2439)/(-117)?
20
Suppose 687*f = 692*f - 80. Calculate the remainder when 323 is divided by f.
3
Let d = -4173 + 4542. Calculate the remainder when d is divided by 90.
9
Suppose -4*v = -2*g + 60, -5*g + 3*v + 130 = -41. Suppose 2*k = -d + 12 + 11, -3*k = 2*d - g. What is the remainder when 439 is divided by k?
9
Suppose -5*k + 515 = -5*m, -16*m + 539 = 5*k - 13*m. What is the remainder when 3603 is divided by k?
105
Let h = 142 - 101. Let v be 66780/(-175)*(-10)/3. Suppose -21*n + 29*n = v. What is the remainder when n is divided by h?
36
Let b = 3273 - 3241. Calculate the remainder when 508 is divided by b.
28
Let s(l) = -2*l**2 + 45*l - 195. What is the remainder when 80 is divided by s(16)?
2
Suppose -3355 = -3*p - 5*m, -4*p - 2*m + 135 = -4357. What is the remainder when p is divided by 7?
5
Calculate the remainder when 635 is divided by 5/2 + (-12390)/(-140).
89
Suppose 0 = 7*q + 2201 + 900. Let c = q + 527. Calculate the remainder when c is divided by 17.
16
Let h(u) = 23*u + 136. Let g be h(-6). Calculate the remainder when 87 is divided by (15 - 18) + g + 32 + -1.
9
Let o(t) = 2*t**2 + 11. Let d be o(-5). Let r = d - 51. Suppose 6*q + r - 94 = 0. Calculate the remainder when 25 is divided by q.
11
Suppose 4*n - 14 = h, -3*h + 13 = -5*n + 34. Let b be h - (2 - 20/8)*64. Let q = b - 23. What is the remainder when 20 is divided by q?
6
Let s = -1068 + 1116. What is the remainder when (-7 - -2)*(-9 + -2) - 1 is divided by s?
6
What is the remainder when 103 is divided by -1*(-135)/5 - 24/(-3)?
33
Suppose 0 = -323*o + 333*o - 1120. What is the remainder when o is divided by -3*(58/6)/(-1)?
25
Suppose -18*b = 26*b - 30932. Calculate the remainder when b is divided by 8.
7
Suppose -27 = 12*y - 51. What is the remainder when 2*3/(-6) + 71 is divided by (-40 + 2)*(9/6 - y)?
13
Let u = -3581 + 3624. Suppose 2*w + 45 - 3 = 2*q, -q + 15 = w. What is the remainder when u is divided by q?
7
Let d(j) = -71*j - 9. Let r(i) = 24*i + 2. Let a(q) = 6*d(q) + 17*r(q). What is the remainder when a(-6) is divided by 6?
4
Suppose 0 = 13*j + 30*j + 8207 - 32588. Calculate the remainder when j is divided by 51.
6
Let h(j) = -6*j - 43. Let w be h(8). Let r = -48 - w. Calculate the remainder when r is divided by 3.
1
Let w = -2674 + 2805. Calculate the remainder when w is divided by 112/5 - 4/10.
21
Let t be ((-75)/90)/(3/(-18)). Suppose -t*q = -3*p - 89, -3 = -3*p + 3. Calculate the remainder when q is divided by (1/1)/(1/4).
3
Suppose s - 13 = 1. Suppose 378 - s = 4*v. Suppose 5*o = 4*u - 97, -5*u = -0*u - 3*o - 118. What is the remainder when v is divided by u?
22
Let p(s) = -s**3 - 12*s**2 - 13*s - 10. Let u be p(-11). Suppose -6*n - 396 = -u*n. What is the remainder when 126 is divided by n?
60
Suppose -4*z - 2*k = -2788, 5*z - 1213 = -5*k + 2257. Calculate the remainder when z is divided by 112.
28
Suppose 8*b = 6*b + 20. Let i be 463/15 - b/(-75). Let f = 55 - i. What is the remainder when f is divided by 15?
9
Suppose 276*x = 283*x + 203. What is the remainder when x*(4 + (-2 - 1))/(-1) is divided by 8?
5
Calculate the remainder when 94/(-2 - 28/(-7)) + 2 is divided by 6.
1
Let z = 139 - 54. Suppose 0 = 2*y - 47 - z. Calculate the remainder when y is divided by (-560)/(-49) + 2 - (-40)/350*5.
10
Let t(u) = 116*u + 1. Let d(y) = -2*y**3 + y**2 + 38*y + 34. What is the remainder when t(2) is divided by d(0)?
29
Let f = -230 + 233. Suppose -f*j - 1311 = -22*j. What is the remainder when 273 is divided by j?
66
Suppose 302 = 4*i - 38 + 64. What is the remainder when 2138 is divided by i?
68
Let p(w) = 3*w - 12. Let x be p(10). Suppose x*m - 2385 = 9*m. What is the remainder when m is divided by 14?
13
Suppose 5*y - 3*x - 748 = -375, -y + 2*x + 76 = 0. Calculate the remainder when (-3 - -867)/4 + 0 is divided by y.
68
Suppose -30 = 12*r - 30. Suppose 13*m - 209 - 1338 = r. Let f(d) = 13*d**2 + d. What is the remainder when m is divided by f(-1)?
11
Let o = 7970 + -7934. Let d = 39 + -26. Calculate the remainder when o is divided by d.
10
Let b(k) = -2*k**2 - 30*k + 3893. What is the remainder when 408 is divided by b(-52)?
3
Let z = -84 - -283. Let p = 220 - z. Calculate the remainder when 37 is divided by p.
16
Calculate the remainder when 88 is divided by (-864)/(-640)*-16*10/(-4).
34
Let i(z) = z - 35 - z**2 + 27*z + 7. What is the remainder when i(25) is divided by 18?
11
Let n(t) = -6*t**3 - 33*t**2 - 137*t - 995. Let p(g) = g**3 - 4*g**2 - 8*g + 5. What is the remainder when n(-7) is divided by p(6)?
28
Suppose -2*l + 722 = -310. Let w = -351 + l. What is the remainder when w is divided by 12?
9
Let b = 450 + -396. Let k = b - 37. What is the remainder when 66 is divided by k?
15
Suppose 58*z = 63*z - 1640. What is the remainder when 339 is divided by z?
11
Calculate the remainder when 883 is divided by 430 + 1 + 10 + -8.
17
What is the remainder when 2550/(-306)*(-1)/10 + 2054/12 is divided by 54?
10
Let a(h) = 2*h**2 - 5*h + 77. Let w be a(11). Let o = 409 - w. Calculate the remainder when o is divided by 21.
19
Let x = 54 + -30. Calculate the remainder when 4/(196/(-70) + 2) + 508 is divided by x.
23
Suppose -7*f = -17*f - 1600. Let r = f - -173. Let s = -94 - -137. Calculate the remainder when s is divided by r.
4
Suppose 245*x - 9309 = 88936. Calculate the remainder when x is divided by 41.
32
Suppose 21*r + 4*q = 16*r + 730, 0 = 4*q. Calculate the remainder when r is divided by 53.
40
Suppose 0 = -56*g + 64*g + 16. Let h = g + 30. What is the remainder when 46 is divided by h?
18
Suppose 963 = -4*a + 2*a + 4179. What is the remainder when a is divided by 161?
159
Let u be (-2 - -4)*1/2. Let r be -8 - 550/(-42) - 2/21. Let t = r + u. What is the remainder when 16 is divided by t?
4
Let j be (58 - 0) + -13 + 16. Suppose 10*u - 19 = j. Let m(a) = -2*a**2 - 23*a - 9. Calculate the remainder when m(-10) is divided by u.
5
Let y be 0/((4 - 3 - 0)*-1). Suppose 14*z + 2*z - 16 = y. Calculate the remainder when (342/3 - z) + 5 is divided by 15.
13
Let g = -46965 + 72704. What is the remainder when g is divided by 110?
109
Let h = -30323 + 30649. Calculate the remainder when 326 is divided by h.
0
Let i = -269 - -287. Calculate the remainder when (9/i)/(((-1)/(-426))/1) is divided by (0/2)/1 - -36.
33
Let s be 2772/(-189) - (-2)/3. Let j be (-8)/((-6)/3345*-5). What is the remainder when j/(-5) - s/(-35) is divided by 45?
43
Let h(u) = 6*u**2 - 3. Let b be h(-2). Suppose -31 - 95 = -b*r. What is the remainder when 15 is divided by r?
3
Let g be 3/2 + 6/12. Suppose -2*a + 8 = -0*a, -g*i - 5*a = 26. Let r = i - -63. What is the remainder when r is divided by 11?
7
Let x = 506 - 359. What is the remainder when x is divided by 27 - ((-10)/(-6))/((-141)/846)?
36
Suppose -3*b - 2*j + 90 = 0, -2*j - 5 = b - 35. Let r be 10/20 - (-82)/4. Calculate the remainder when b is divided by -18*((-7)/r)/((-4)/(-6)).
3
Let c = 23976 + -23968. Calculate the remainder when 6086 is divided by c.
6
Let l be 19740/8 + -1*5/(-10). What is the remainder when 0 - 15/(-25) - l/(-20) is divided by 21?
19
What is the remainder when (-131 - -135)/(1/185) is divided by 19?
18
Let b be 9/18 - (-1)/(-2). Suppose 0 = -b*m + 11*m - 880. Let s = m + -39. What is the remainder when 243 is divided by s?
38
Let c(a) be the first derivative of 10*a**3/3 - a**2 - a - 38. What is the remainder when c(3) is divided by 14?
13
Suppose 36*k + 10066 - 382 = 0. Let z = -257 - k. Calculate the remainder when 107 is divided by z.
11
Let y 